{"id":2651,"date":"2025-09-01T20:32:12","date_gmt":"2025-09-01T18:32:12","guid":{"rendered":"https:\/\/www.ljtt.fr\/index.php\/event\/criterium-federale-seniors-tour-4-7\/"},"modified":"2025-09-01T20:32:12","modified_gmt":"2025-09-01T18:32:12","slug":"criterium-federale-seniors-tour-4-7","status":"publish","type":"tribe_events","link":"https:\/\/www.ljtt.fr\/index.php\/event\/criterium-federale-seniors-tour-4-7\/","title":{"rendered":"Crit\u00e9rium F\u00e9d\u00e9rale Seniors &#8211; Tour 4"},"content":{"rendered":"","protected":false},"excerpt":{"rendered":"","protected":false},"author":1,"featured_media":0,"template":"","meta":{"_tribe_events_status":"","_tribe_events_status_reason":"","footnotes":""},"tags":[],"tribe_events_cat":[],"class_list":["post-2651","tribe_events","type-tribe_events","status-publish","hentry"],"_links":{"self":[{"href":"https:\/\/www.ljtt.fr\/index.php\/wp-json\/wp\/v2\/tribe_events\/2651","targetHints":{"allow":["GET"]}}],"collection":[{"href":"https:\/\/www.ljtt.fr\/index.php\/wp-json\/wp\/v2\/tribe_events"}],"about":[{"href":"https:\/\/www.ljtt.fr\/index.php\/wp-json\/wp\/v2\/types\/tribe_events"}],"author":[{"embeddable":true,"href":"https:\/\/www.ljtt.fr\/index.php\/wp-json\/wp\/v2\/users\/1"}],"version-history":[{"count":0,"href":"https:\/\/www.ljtt.fr\/index.php\/wp-json\/wp\/v2\/tribe_events\/2651\/revisions"}],"wp:attachment":[{"href":"https:\/\/www.ljtt.fr\/index.php\/wp-json\/wp\/v2\/media?parent=2651"}],"wp:term":[{"taxonomy":"post_tag","embeddable":true,"href":"https:\/\/www.ljtt.fr\/index.php\/wp-json\/wp\/v2\/tags?post=2651"},{"taxonomy":"tribe_events_cat","embeddable":true,"href":"https:\/\/www.ljtt.fr\/index.php\/wp-json\/wp\/v2\/tribe_events_cat?post=2651"}],"curies":[{"name":"wp","href":"https:\/\/api.w.org\/{rel}","templated":true}]}}

Critérium Fédérale Seniors &#8211; Tour 4
