{"id":392,"date":"2019-06-18T19:41:13","date_gmt":"2019-06-18T17:41:13","guid":{"rendered":"http:\/\/www.ljtt-test.fr\/index.php\/?page_id=392"},"modified":"2025-08-28T21:12:21","modified_gmt":"2025-08-28T19:12:21","slug":"horaires-des-entrainements","status":"publish","type":"page","link":"https:\/\/www.ljtt.fr\/index.php\/horaires-des-entrainements\/","title":{"rendered":"Horaires des entra\u00eenements"},"content":{"rendered":"\n<p class=\"has-text-align-left\">Les entrainements du mercredi et vendredi se d\u00e9roulent au gymnase et les autres entra\u00eenements se d\u00e9roulent au foyer communal.<br><\/p>\n\n\n\n<p><\/p>\n\n\n\n<figure class=\"wp-block-table alignleft training-font is-style-stripes\"><table class=\"has-background has-fixed-layout\" style=\"background-color:#fcf0ef\"><tbody><tr><td class=\"has-text-align-center\" data-align=\"center\">* Mardi :<br>10h00-12h00<\/td><td>V\u00e9t\u00e9rans<\/td><td>: dirig\u00e9<\/td><\/tr><tr><td class=\"has-text-align-center\" data-align=\"center\">*&nbsp;Mercredi :<br> 17h00-18h30<\/td><td>Initiation jeunes<\/td><td>: dirig\u00e9<\/td><\/tr><tr><td class=\"has-text-align-center\" data-align=\"center\">* Mercredi :<br> 18h30-20h30 <\/td><td>Comp\u00e9tition jeune + adulte<\/td><td>: dirig\u00e9<\/td><\/tr><tr><td class=\"has-text-align-center\" data-align=\"center\">* Mercredi :<br> 20h30-23h00<\/td><td>Loisirs + comp\u00e9tition<\/td><td>: libre<\/td><\/tr><tr><td class=\"has-text-align-center\" data-align=\"center\">* Jeudi :<br> 20h00-22h00<\/td><td>Section loisirs<\/td><td>: dirig\u00e9<\/td><\/tr><\/tbody><\/table><\/figure>\n\n\n\n<p><\/p>\n","protected":false},"excerpt":{"rendered":"<p>Les entrainements du mercredi et vendredi se d\u00e9roulent au gymnase et les autres entra\u00eenements se d\u00e9roulent au foyer communal. *<\/p>\n","protected":false},"author":1,"featured_media":0,"parent":0,"menu_order":0,"comment_status":"closed","ping_status":"closed","template":"","meta":{"footnotes":""},"class_list":["post-392","page","type-page","status-publish","hentry"],"_links":{"self":[{"href":"https:\/\/www.ljtt.fr\/index.php\/wp-json\/wp\/v2\/pages\/392","targetHints":{"allow":["GET"]}}],"collection":[{"href":"https:\/\/www.ljtt.fr\/index.php\/wp-json\/wp\/v2\/pages"}],"about":[{"href":"https:\/\/www.ljtt.fr\/index.php\/wp-json\/wp\/v2\/types\/page"}],"author":[{"embeddable":true,"href":"https:\/\/www.ljtt.fr\/index.php\/wp-json\/wp\/v2\/users\/1"}],"replies":[{"embeddable":true,"href":"https:\/\/www.ljtt.fr\/index.php\/wp-json\/wp\/v2\/comments?post=392"}],"version-history":[{"count":33,"href":"https:\/\/www.ljtt.fr\/index.php\/wp-json\/wp\/v2\/pages\/392\/revisions"}],"predecessor-version":[{"id":2610,"href":"https:\/\/www.ljtt.fr\/index.php\/wp-json\/wp\/v2\/pages\/392\/revisions\/2610"}],"wp:attachment":[{"href":"https:\/\/www.ljtt.fr\/index.php\/wp-json\/wp\/v2\/media?parent=392"}],"curies":[{"name":"wp","href":"https:\/\/api.w.org\/{rel}","templated":true}]}}